 - -193. Suppose d*m + 2070 = 16113. List the prime factors of m.
3, 151
Let t(r) = -r**3 + 6*r**2 + 12*r - 11. Suppose -3*w + 0*w = -i - 5, -3 = -i + w. Let g be t(i). Let m = 87 - g. What are the prime factors of m?
3, 7
Let d = -1309 + 18460. What are the prime factors of d?
3, 5717
Suppose 5*z = 1 + 24, 5*u + 2*z - 5745 = 0. Suppose 4*b + 864 = 3*h, 0 = -4*h + 2*b + 5 + u. What are the prime factors of h?
2, 3
Suppose -7679*w = -7685*w + 155730. What are the prime factors of w?
5, 29, 179
Let t(o) = -46*o - 8. Let s(c) = 6*c**2 + 7*c + 4*c + 24 - 7*c**2. Let k be s(13). What are the prime factors of t(k)?
2, 3, 7
Let x(f) = 626*f**2 + 469*f - 2360. What are the prime factors of x(5)?
5, 53, 59
Let l(f) = f**2 - 13*f + 34. Let u be l(10). Let h be 6 + u*(-2)/4. Suppose -5*c + 2*k + 69 = -54, h*k = -2*c + 30. What are the prime factors of c?
23
Let k be (1 + 6/10)*(-2080)/64. Let f = k - -404. List the prime factors of f.
2, 11
Suppose -1415 = 7*z + 2295. Let x = 114 - z. List the prime factors of x.
2, 7, 23
Let b(q) = -11*q**2 + 284*q - 56. What are the prime factors of b(25)?
13
Suppose 10 = 5*i - 0*u + 2*u, -u = -4*i + 8. Suppose 0 = -x + m + 82, -8 - i = 2*m. What are the prime factors of x?
7, 11
Suppose -18*g + 22*g - 12146 = -d, 0 = -7*d - g + 84887. List the prime factors of d.
2, 3, 43, 47
Suppose d + 5*n = 383, 3*n - 1462 = -4*d + 19. Suppose -3*s + 7 + 11 = 0. Suppose 2*l - d = -s*l. List the prime factors of l.
2, 23
Let b(q) = -q**2 + 28*q - 142. Let z be b(20). What are the prime factors of 9/z - (-2415)/10?
2, 11
List the prime factors of 35/(-21) + 43257/12*140/21.
2, 3, 5, 89
Suppose -8*h + 38484 = -2*h. List the prime factors of (-2)/(-6) + h/9.
23, 31
Suppose 9*l + 5*o = 8*l + 7593, -5*o + 37945 = 5*l. What are the prime factors of l?
2, 7, 271
Let d(q) = 21*q + 1. Let r be d(3). Suppose 61*v - r*v - 2610 = 0. What are the prime factors of ((-8)/(-20))/(((-2)/v)/1)?
2, 3, 29
Let z(b) = -11*b**3 - b + 1. Let o be z(-2). Suppose 59 + o = 5*g. Suppose -14 = 4*r - g. What are the prime factors of r?
2
Let k be (-5 + 99/22)/((-1)/70). Suppose 2130 = 40*u - k*u. What are the prime factors of u?
2, 3, 71
What are the prime factors of 216/(-486) - ((-87352)/36 + -2)?
2, 607
Let q(c) = 2*c**3 - 74*c**2 + 75*c - 50. Let m be q(36). List the prime factors of -59 + m + (918 - (1 - 0)).
2, 229
Let a = -91 + 154. Let z = a - 53. Suppose -2*i = -z, -3*g + 4*i = i - 132. What are the prime factors of g?
7
Suppose 12*c = 20*c. Suppose 3*g - 4*o - 1287 - 1181 = c, -5*g - 4*o + 4092 = 0. What are the prime factors of g?
2, 5, 41
Let v be 4/(-4)*15 - -3. Let s be v/(-21)*(-4 - (-11 - 0)). Suppose -2*u + 3*u + 4*t = 20, -s*u + 2*t = -134. What are the prime factors of u?
2
Suppose 0 = -13*l + 28*l - 7755. Let r = l + 0. List the prime factors of r.
11, 47
Suppose 5*i + 3*y + 117 = 0, 4*i - 4*y = -38 - 30. Let d be (-57)/(-38) + 81/6. Let k = d - i. What are the prime factors of k?
2, 3
Let w(q) = -2*q - 17. Let j be w(-9). List the prime factors of j/3 - (-6 + 6228/(-27)).
3, 79
Let r = -4820 + 6932. Let g = 2983 - r. List the prime factors of g.
13, 67
Suppose 0 = 4*r - 5*n - 25, 8*n = 3*r + 6*n - 10. Suppose -3*i + 2*f + 108 = r, -13*i + 12*i + 37 = -f. List the prime factors of i.
2, 17
Suppose -1280 = -9*y + 52. List the prime factors of (y/(-16))/(1/(-20)).
5, 37
Let k(s) = 2*s + 29. Let u be k(-12). Suppose u*m + 44 = 239. List the prime factors of (m/(-5))/(12/(-40)).
2, 13
Suppose 0 = 6*c + 88 + 2. Let s be (4/(-12))/((-1)/(-6)). What are the prime factors of ((-6)/s)/(c/(-515))?
103
Suppose -3*a = -4*u - 6749, -2*a + 15*u + 4506 = 19*u. What are the prime factors of a?
2251
Suppose 0 = -309*h + 287*h + 121990. What are the prime factors of h?
5, 1109
Suppose x = -5*h - 5, -h + 3*x - 10 = 5*x. Suppose s + 4*l - 247 = h, 2*l + 146 = s - 107. List the prime factors of s.
251
List the prime factors of ((-75466)/(-6))/1 - (-1976)/1482.
3, 7, 599
Suppose -2*w = 2, 0 = 3*s + 4*w - 3*w - 44. Suppose 9 + s = 6*v. What are the prime factors of (-8)/v*31*-1?
2, 31
Suppose 2*p - x = -4*x + 4, -x - 7 = -p. Suppose p*r = 5*f - 1675, f + 3*r = 35 + 280. List the prime factors of f.
2, 3, 5, 11
Let w(b) = -5*b + b**2 - 6*b + 0*b + 6 + 0. Let i be w(10). Let n = i - -16. List the prime factors of n.
2, 3
Suppose 4*j + 11 = 15*j. What are the prime factors of ((-1961)/(-111))/(j/33)?
11, 53
Let i be 21/((1/1)/3). Let q(p) = 25*p + 142. Let k be q(-7). Let o = k + i. What are the prime factors of o?
2, 3, 5
Let a = 14567 - 9142. What are the prime factors of a?
5, 7, 31
Let p(j) = -j**3 - 17*j**2 - 5*j + 24. Let u be p(-14). Let f = 40 - u. List the prime factors of f.
2, 3, 89
Suppose 2*s + 15 - 21 = -4*i, 5*s - 23 = -2*i. Suppose s*t + 4*c - 921 = 1240, -3*c - 3 = 0. What are the prime factors of t?
433
Let g(u) = -205*u + 958. What are the prime factors of g(0)?
2, 479
Suppose -8*w + 3*w + x + 10535 = 0, -4214 = -2*w + 5*x. Suppose w + 1246 = 7*p. List the prime factors of p.
479
Let v(r) = -109*r - 142*r + 214*r + 91. List the prime factors of v(-3).
2, 101
Suppose -2*o - 350 = -354, 2*r - 5*o = 68872. What are the prime factors of r?
11, 31, 101
Let a(f) = 142*f - 20. Let m be a(2). Let c = m - -97. What are the prime factors of c?
19
Suppose -23*a + 41117 + 131130 = 0. What are the prime factors of a?
7489
Let p(o) = -o**3 - 9*o**2 - 22*o - 7. Let t = -73 - -77. Suppose -t*v + 3*q - 63 + 12 = 0, -5*q - 11 = 4*v. What are the prime factors of p(v)?
191
Let c be -15 + 15 + 36*1. Suppose 4*j + 4*f = c, 3*j - 4*f - 2 + 3 = 0. Suppose -2*y + 4*k + 102 = 3*k, -3*y + 146 = -j*k. What are the prime factors of y?
2, 13
Let r = 1148 - 965. Let f = r - -533. List the prime factors of f.
2, 179
Let a = -737 - -5863. Suppose -17*w + a = 587. List the prime factors of w.
3, 89
Let a = -149 + 881. List the prime factors of a.
2, 3, 61
Let h = 32319 + -16076. List the prime factors of h.
37, 439
Let j(v) = -372*v + 383. What are the prime factors of j(-18)?
7079
Let j(o) = 717*o - 6547. What are the prime factors of j(30)?
13, 1151
Let d(f) = 206*f**2 - 85*f + 72. List the prime factors of d(3).
3, 557
What are the prime factors of 4 - ((-86520)/9 + (-14)/(-42))?
59, 163
Suppose 5*b - 5*f = 7268 + 12182, 5*f = -3*b + 11670. What are the prime factors of b?
2, 5, 389
Let x(g) = -7*g**2 + 13*g - 64. Let t(y) = -12*y**2 + 24*y - 129. Let m(p) = 2*t(p) - 5*x(p). List the prime factors of m(9).
2, 5
List the prime factors of 828/24*(-1572)/(-9).
2, 23, 131
Let v(l) = -8*l**2 + 31*l - 14. Let b be v(4). What are the prime factors of 571/(((-84)/b)/14)?
3, 571
Let c(s) = -s**3 + s**2 + 5*s - 2. Let l(o) = -o**2. Let q(p) = c(p) - 5*l(p). Let v be q(6). Let d = v + -21. What are the prime factors of d?
7
Suppose -12*u = 4*u + 64. List the prime factors of 1251 - ((-2)/(-1) - 2) - u.
5, 251
Let g(k) = -k**2 - 25*k + 20. Suppose -4*m - 8*u = -6*u - 188, 2*m - 94 = u. Suppose -31 = -t - m. List the prime factors of g(t).
2, 41
Let q(d) = 21*d + 13. Suppose -2*u + 3*z = -6, -2*z + 6*z - 6 = -2*u. Suppose 0 = u*h - 5*k, 0 = -6*h + 2*h - 5*k + 35. List the prime factors of q(h).
2, 59
Let t(o) = -78*o - 85. Let r be t(-10). Suppose -15*v + 3140 - r = 0. What are the prime factors of v?
163
Let u be 2588/18 - (-8)/36. Let a be ((-76)/(-12))/((-4)/u). What are the prime factors of ((-6)/1)/(-3*(-4)/a)?
2, 3, 19
Let c = 66 + -39. Suppose -c = -3*i - 18. Suppose 161 = 3*q + 4*p, -6*q = -7*q - i*p + 62. List the prime factors of q.
47
Suppose 0 = 5*w + 2*d - 27618, -165*w + 167*w = -d + 11047. What are the prime factors of w?
2, 1381
Let s be (-21)/(((-2)/(-6))/(16/48)). What are the prime factors of s*1*(-11 - 0)?
3, 7, 11
Let f = 80430 + -47812. What are the prime factors of f?
2, 47, 347
Suppose 10897 = 5*u - 3*y, -154*u - 4346 = -156*u - 2*y. List the prime factors of u.
7, 311
Let c = -435 - -442. What are the prime factors of (-5460)/(-12)*(19/c + -1)?
2, 3, 5, 13
Suppose -13608 + 85794 = 23*z - 36489. List the prime factors of z.
3, 5, 7
Let v(w) = 2*w - 5. Let p(a) = -a + 6. Let l be p(2). Let j be v(l). Suppose -c + 103 = 4*z, -j*c - 9 = -z + 7. What are the prime factors of z?
5
Suppose -4*w = -o - 1 + 3, -3*o - 11 = 5*w. Let p be (-18)/(o/(-174)*(-9)/2). Suppose -2